{"id":47,"date":"2023-01-27T12:45:11","date_gmt":"2023-01-27T11:45:11","guid":{"rendered":"http:\/\/www.cafe-des-jaseurs.fr\/?page_id=47"},"modified":"2024-06-03T23:20:51","modified_gmt":"2024-06-03T21:20:51","slug":"ceci-est","status":"publish","type":"page","link":"https:\/\/www.cafe-des-jaseurs.fr\/index.php\/ceci-est\/","title":{"rendered":"Ceci est &#8230;"},"content":{"rendered":"\n<p class=\"has-black-color has-text-color\"><\/p>\n\n\n\n<figure class=\"wp-block-image size-full is-resized\"><img loading=\"lazy\" decoding=\"async\" width=\"709\" height=\"709\" src=\"https:\/\/www.cafe-des-jaseurs.fr\/wp-content\/uploads\/2023\/01\/Samia-Hadj.jpg\" alt=\"\" class=\"wp-image-48\" style=\"width:421px;height:421px\" srcset=\"https:\/\/www.cafe-des-jaseurs.fr\/wp-content\/uploads\/2023\/01\/Samia-Hadj.jpg 709w, https:\/\/www.cafe-des-jaseurs.fr\/wp-content\/uploads\/2023\/01\/Samia-Hadj-300x300.jpg 300w, https:\/\/www.cafe-des-jaseurs.fr\/wp-content\/uploads\/2023\/01\/Samia-Hadj-150x150.jpg 150w\" sizes=\"auto, (max-width: 709px) 100vw, 709px\" \/><figcaption class=\"wp-element-caption\">Samia Hadj<\/figcaption><\/figure>\n\n\n\n<p>Un sein galactique ? Un gouffre moelleux ? Un pupille bleu ? La danse dans la nuit de sorci\u00e8res r\u00e9jouies ou le creux d&rsquo;un hibou ?<\/p>\n\n\n\n<figure class=\"wp-block-image size-large\"><img loading=\"lazy\" decoding=\"async\" width=\"1024\" height=\"681\" src=\"https:\/\/www.cafe-des-jaseurs.fr\/wp-content\/uploads\/2024\/06\/Prunier-mai-2024-2-1024x681.jpg\" alt=\"\" class=\"wp-image-147\" srcset=\"https:\/\/www.cafe-des-jaseurs.fr\/wp-content\/uploads\/2024\/06\/Prunier-mai-2024-2-1024x681.jpg 1024w, https:\/\/www.cafe-des-jaseurs.fr\/wp-content\/uploads\/2024\/06\/Prunier-mai-2024-2-300x199.jpg 300w, https:\/\/www.cafe-des-jaseurs.fr\/wp-content\/uploads\/2024\/06\/Prunier-mai-2024-2-768x511.jpg 768w, https:\/\/www.cafe-des-jaseurs.fr\/wp-content\/uploads\/2024\/06\/Prunier-mai-2024-2-1536x1021.jpg 1536w, https:\/\/www.cafe-des-jaseurs.fr\/wp-content\/uploads\/2024\/06\/Prunier-mai-2024-2.jpg 1772w\" sizes=\"auto, (max-width: 767px) 89vw, (max-width: 1000px) 54vw, (max-width: 1071px) 543px, 580px\" \/><\/figure>\n\n\n\n<h2 class=\"wp-block-heading\">Celui ci est un Prunier dans la salle du petit th\u00e9\u00e2tre devant le Tilleul<\/h2>\n","protected":false},"excerpt":{"rendered":"<p>Un sein galactique ? Un gouffre moelleux ? Un pupille bleu ? La danse dans la nuit de sorci\u00e8res r\u00e9jouies ou le creux d&rsquo;un hibou ? Celui ci est un Prunier dans la salle du petit th\u00e9\u00e2tre devant le Tilleul<\/p>\n","protected":false},"author":1,"featured_media":0,"parent":0,"menu_order":0,"comment_status":"closed","ping_status":"closed","template":"","meta":{"footnotes":""},"class_list":["post-47","page","type-page","status-publish","hentry"],"_links":{"self":[{"href":"https:\/\/www.cafe-des-jaseurs.fr\/index.php\/wp-json\/wp\/v2\/pages\/47","targetHints":{"allow":["GET"]}}],"collection":[{"href":"https:\/\/www.cafe-des-jaseurs.fr\/index.php\/wp-json\/wp\/v2\/pages"}],"about":[{"href":"https:\/\/www.cafe-des-jaseurs.fr\/index.php\/wp-json\/wp\/v2\/types\/page"}],"author":[{"embeddable":true,"href":"https:\/\/www.cafe-des-jaseurs.fr\/index.php\/wp-json\/wp\/v2\/users\/1"}],"replies":[{"embeddable":true,"href":"https:\/\/www.cafe-des-jaseurs.fr\/index.php\/wp-json\/wp\/v2\/comments?post=47"}],"version-history":[{"count":4,"href":"https:\/\/www.cafe-des-jaseurs.fr\/index.php\/wp-json\/wp\/v2\/pages\/47\/revisions"}],"predecessor-version":[{"id":149,"href":"https:\/\/www.cafe-des-jaseurs.fr\/index.php\/wp-json\/wp\/v2\/pages\/47\/revisions\/149"}],"wp:attachment":[{"href":"https:\/\/www.cafe-des-jaseurs.fr\/index.php\/wp-json\/wp\/v2\/media?parent=47"}],"curies":[{"name":"wp","href":"https:\/\/api.w.org\/{rel}","templated":true}]}}