{"id":389,"date":"2026-04-08T20:38:51","date_gmt":"2026-04-08T18:38:51","guid":{"rendered":"https:\/\/www.cafe-des-jaseurs.fr\/?page_id=389"},"modified":"2026-04-08T20:50:30","modified_gmt":"2026-04-08T18:50:30","slug":"agenda","status":"publish","type":"page","link":"https:\/\/www.cafe-des-jaseurs.fr\/index.php\/agenda\/","title":{"rendered":"L&rsquo; Agenda des jaseurs"},"content":{"rendered":"\n<figure class=\"wp-block-image size-large is-resized\"><img loading=\"lazy\" decoding=\"async\" width=\"1024\" height=\"550\" src=\"https:\/\/www.cafe-des-jaseurs.fr\/wp-content\/uploads\/2026\/04\/jaseurs-1024x550.jpg\" alt=\"\" class=\"wp-image-399\" style=\"aspect-ratio:1.8617927560673655;width:369px;height:auto\" srcset=\"https:\/\/www.cafe-des-jaseurs.fr\/wp-content\/uploads\/2026\/04\/jaseurs-1024x550.jpg 1024w, https:\/\/www.cafe-des-jaseurs.fr\/wp-content\/uploads\/2026\/04\/jaseurs-300x161.jpg 300w, https:\/\/www.cafe-des-jaseurs.fr\/wp-content\/uploads\/2026\/04\/jaseurs-768x412.jpg 768w, https:\/\/www.cafe-des-jaseurs.fr\/wp-content\/uploads\/2026\/04\/jaseurs.jpg 1500w\" sizes=\"auto, (max-width: 767px) 89vw, (max-width: 1000px) 54vw, (max-width: 1071px) 543px, 580px\" \/><\/figure>\n\n\n\n<figure class=\"wp-block-table\"><table class=\"has-fixed-layout\"><tbody><tr><td class=\"has-text-align-left\" data-align=\"left\"><strong>Le samedi 25 avril 2026 \u00e0 18h&nbsp;<\/strong><\/td><\/tr><\/tbody><\/table><\/figure>\n\n\n\n<figure class=\"wp-block-image size-large\"><img loading=\"lazy\" decoding=\"async\" width=\"1024\" height=\"318\" src=\"https:\/\/www.cafe-des-jaseurs.fr\/wp-content\/uploads\/2026\/04\/visuel-A-pas-de-louve-6-1024x318.jpg\" alt=\"\" class=\"wp-image-400\" srcset=\"https:\/\/www.cafe-des-jaseurs.fr\/wp-content\/uploads\/2026\/04\/visuel-A-pas-de-louve-6-1024x318.jpg 1024w, https:\/\/www.cafe-des-jaseurs.fr\/wp-content\/uploads\/2026\/04\/visuel-A-pas-de-louve-6-300x93.jpg 300w, https:\/\/www.cafe-des-jaseurs.fr\/wp-content\/uploads\/2026\/04\/visuel-A-pas-de-louve-6-768x239.jpg 768w, https:\/\/www.cafe-des-jaseurs.fr\/wp-content\/uploads\/2026\/04\/visuel-A-pas-de-louve-6-1536x477.jpg 1536w, https:\/\/www.cafe-des-jaseurs.fr\/wp-content\/uploads\/2026\/04\/visuel-A-pas-de-louve-6.jpg 1819w\" sizes=\"auto, (max-width: 767px) 89vw, (max-width: 1000px) 54vw, (max-width: 1071px) 543px, 580px\" \/><\/figure>\n\n\n\n<figure class=\"wp-block-table\"><table class=\"has-fixed-layout\"><tbody><tr><td class=\"has-text-align-left\" data-align=\"left\">Au petit th\u00e9\u00e2tre devant le tilleul, <br>chez Guy Prunier et Claire Gauthier 58 impasse des Pr\u00e9s Piquet 01250 CORVEISSIAT<\/td><\/tr><\/tbody><\/table><\/figure>\n\n\n\n<figure class=\"wp-block-table\"><table class=\"has-fixed-layout\"><tbody><tr><td class=\"has-text-align-left\" data-align=\"left\"><em>C&rsquo;est &nbsp;l\u2019histoire d\u2019une louve qui se transforme en femme et d\u2019un homme qui se transforme en loup. C\u2019est l\u2019histoire de ce qui bout \u00e0 l\u2019int\u00e9rieur et nous submerge parfois. C\u2019est l\u2019histoire d\u2019un moulin, d\u2019une for\u00eat et d\u2019un saule. L\u2019histoire de la part sauvage qui reste en nous.<\/em><br><strong>Les histoires de L\u00e9one Leconte, une conteuse curieuse de nature !<\/strong><br>A partir de 10 ans Dur\u00e9e : 50 mn<\/td><\/tr><\/tbody><\/table><\/figure>\n\n\n\n<figure class=\"wp-block-table\"><table class=\"has-fixed-layout\"><tbody><tr><td class=\"has-text-align-left\" data-align=\"left\"><a href=\"https:\/\/vimeo.com\/1143848892?fl=pl&amp;fe=ti\" target=\"_blank\" rel=\"noreferrer noopener\">En savoir +<\/a><\/td><\/tr><\/tbody><\/table><\/figure>\n\n\n\n<figure class=\"wp-block-image size-full\"><img loading=\"lazy\" decoding=\"async\" width=\"610\" height=\"302\" src=\"https:\/\/www.cafe-des-jaseurs.fr\/wp-content\/uploads\/2026\/04\/3-photos-Leone-1.jpg\" alt=\"\" class=\"wp-image-391\" srcset=\"https:\/\/www.cafe-des-jaseurs.fr\/wp-content\/uploads\/2026\/04\/3-photos-Leone-1.jpg 610w, https:\/\/www.cafe-des-jaseurs.fr\/wp-content\/uploads\/2026\/04\/3-photos-Leone-1-300x149.jpg 300w\" sizes=\"auto, (max-width: 610px) 100vw, 610px\" \/><\/figure>\n\n\n\n<figure class=\"wp-block-image size-large\"><img loading=\"lazy\" decoding=\"async\" width=\"1024\" height=\"292\" src=\"https:\/\/www.cafe-des-jaseurs.fr\/wp-content\/uploads\/2026\/04\/pour-preparer-lete-1024x292.jpg\" alt=\"\" class=\"wp-image-390\" srcset=\"https:\/\/www.cafe-des-jaseurs.fr\/wp-content\/uploads\/2026\/04\/pour-preparer-lete-1024x292.jpg 1024w, https:\/\/www.cafe-des-jaseurs.fr\/wp-content\/uploads\/2026\/04\/pour-preparer-lete-300x86.jpg 300w, https:\/\/www.cafe-des-jaseurs.fr\/wp-content\/uploads\/2026\/04\/pour-preparer-lete-768x219.jpg 768w, https:\/\/www.cafe-des-jaseurs.fr\/wp-content\/uploads\/2026\/04\/pour-preparer-lete.jpg 1200w\" sizes=\"auto, (max-width: 767px) 89vw, (max-width: 1000px) 54vw, (max-width: 1071px) 543px, 580px\" \/><\/figure>\n\n\n\n<figure class=\"wp-block-table\"><table class=\"has-fixed-layout\"><tbody><tr><td><strong>Au mois de juin 2026,<\/strong><br><br><strong>6 juin \u00e0 19h Contes perch\u00e9s !<\/strong> Vous les avez peut-\u00eatre entendu chanter conter les cailloux, l&rsquo;ann\u00e9e derni\u00e8re. Les conteuses et conteurs , hauts parleurs et grandes parleuses reviennent&#8230;.<br><strong>Dimanche 28 juin \u00e0 18h&nbsp;: \u00ab\u00a0Conscrits et Promises\u00a0\u00bb<\/strong> Chansons traditionnelles et polyphonie &#8211; po\u00e9sies et contes &#8211; avec Jacqueline Barraud, Nicole Chovet chanteuses, Michel Leroy chanteur et Paul Pons, diseur .<br><\/td><\/tr><\/tbody><\/table><\/figure>\n\n\n\n<figure class=\"wp-block-table\"><table class=\"has-fixed-layout\"><tbody><tr><td><strong>Juillet 2026<\/strong><br><br><strong>Samedi 18 Juillet&#8230; pr\u00e8s de la fontaine de Lavillat<\/strong> Petite habitude de juillet, les<strong>&nbsp;\u00ab\u00a0fables \u00e0 la fontaine\u00a0\u00bb<\/strong> est le titre d&rsquo;une soir\u00e9e o\u00f9 l&rsquo;on peut raconter et entendre des fables et des contes animaliers. C&rsquo;est l&rsquo;occasion d&rsquo;inviter un conteur ou une conteuse professionnel\u00b7le et \u00e9galement d&rsquo;ouvrir la sc\u00e8ne \u00e0 tous ceux et toutes celles qui d\u00e9sirent raconter \u00e0 leur tour de brefs contes d&rsquo;animaux. Cette soir\u00e9e est organis\u00e9e par l&rsquo;asso des amis de l&rsquo;ancien lavoir de Lavillat.<br>Pour la deuxi\u00e8me ann\u00e9e, la<strong>&nbsp;sc\u00e8ne ouverte<\/strong> sera pr\u00e9c\u00e9d\u00e9e d&rsquo;une <strong>semaine d&rsquo;atelier conte<\/strong> o\u00f9 chacun chacune pourra pr\u00e9parer s&rsquo;il ou elle le d\u00e9sire, son intervention \u00ab\u00a0Fables \u00e0 la fontaine\u00a0\u00bb.&nbsp;<br>&#8211; &nbsp;<strong>\u00ab\u00a0Fables \u00e0 la fontaine\u00a0\u00bb SAMEDI 18 JUILLET 2026 \u00e0 18h<\/strong>&#8211; &nbsp; <strong>L&rsquo; Atelier conte&nbsp;: du mardi 14 juillet au samedi 18 juillet<\/strong>Pour plus d&rsquo;informations, n&rsquo;h\u00e9sitez pas \u00e0 contacter&nbsp;guy.prunier@wanadoo.fr ou 06 80 91 62 45<br><\/td><\/tr><\/tbody><\/table><\/figure>\n\n\n\n<figure class=\"wp-block-table\"><table class=\"has-fixed-layout\"><tbody><tr><td><strong>Mercredi 5 Ao\u00fbt 2026 <\/strong><strong>18h30<\/strong> Le parapluie aux histoires &#8211; histoires et musique<strong>20h<\/strong>&nbsp; Chansons \u00e0 entendre et \u00e0 chanter &#8211; Gilles Pauget et guitares en trio<\/td><\/tr><\/tbody><\/table><\/figure>\n","protected":false},"excerpt":{"rendered":"<p>Le samedi 25 avril 2026 \u00e0 18h&nbsp; Au petit th\u00e9\u00e2tre devant le tilleul, chez Guy Prunier et Claire Gauthier 58 impasse des Pr\u00e9s Piquet 01250 CORVEISSIAT C&rsquo;est &nbsp;l\u2019histoire d\u2019une louve qui se transforme en femme et d\u2019un homme qui se transforme en loup. C\u2019est l\u2019histoire de ce qui bout \u00e0 l\u2019int\u00e9rieur et nous submerge parfois. &hellip; <\/p>\n<p class=\"link-more\"><a href=\"https:\/\/www.cafe-des-jaseurs.fr\/index.php\/agenda\/\" class=\"more-link\">Continuer la lecture<span class=\"screen-reader-text\"> de &laquo;&nbsp;L&rsquo; Agenda des jaseurs&nbsp;&raquo;<\/span><\/a><\/p>\n","protected":false},"author":1,"featured_media":0,"parent":0,"menu_order":0,"comment_status":"closed","ping_status":"closed","template":"","meta":{"footnotes":""},"class_list":["post-389","page","type-page","status-publish","hentry"],"_links":{"self":[{"href":"https:\/\/www.cafe-des-jaseurs.fr\/index.php\/wp-json\/wp\/v2\/pages\/389","targetHints":{"allow":["GET"]}}],"collection":[{"href":"https:\/\/www.cafe-des-jaseurs.fr\/index.php\/wp-json\/wp\/v2\/pages"}],"about":[{"href":"https:\/\/www.cafe-des-jaseurs.fr\/index.php\/wp-json\/wp\/v2\/types\/page"}],"author":[{"embeddable":true,"href":"https:\/\/www.cafe-des-jaseurs.fr\/index.php\/wp-json\/wp\/v2\/users\/1"}],"replies":[{"embeddable":true,"href":"https:\/\/www.cafe-des-jaseurs.fr\/index.php\/wp-json\/wp\/v2\/comments?post=389"}],"version-history":[{"count":5,"href":"https:\/\/www.cafe-des-jaseurs.fr\/index.php\/wp-json\/wp\/v2\/pages\/389\/revisions"}],"predecessor-version":[{"id":404,"href":"https:\/\/www.cafe-des-jaseurs.fr\/index.php\/wp-json\/wp\/v2\/pages\/389\/revisions\/404"}],"wp:attachment":[{"href":"https:\/\/www.cafe-des-jaseurs.fr\/index.php\/wp-json\/wp\/v2\/media?parent=389"}],"curies":[{"name":"wp","href":"https:\/\/api.w.org\/{rel}","templated":true}]}}